 composite?
False
Suppose 86*g = 130*g - 22725164. Is g a composite number?
True
Let w(p) = 226*p**2 + 2965*p + 2. Is w(-25) composite?
True
Let x(b) = 535*b + 18. Let s(r) = -r**2 + 7*r. Let h be s(4). Let l be x(h). Suppose 7*u = u + l. Is u prime?
False
Suppose 0 = 2*k - 7 - 3. Suppose k*l = -0*a + 3*a + 7695, 2*l - a = 3079. Suppose -3*i = 7*z - 2*z - l, 5*i - 3*z - 2570 = 0. Is i a composite number?
True
Let a be (-70)/(-14) + 0/(-6 + 1). Suppose n - 3 = -0. Suppose n*y + 1758 = a*y. Is y composite?
True
Let g(z) = -7*z + 17. Let b be g(5). Let a = -22 - b. Is ((-91776)/30)/(-8) + a/10 composite?
True
Let l = -422 + 248. Suppose 2*o = -5*o + 9359. Let q = o + l. Is q a prime number?
True
Let a = -1021779 + 1779902. Is a a prime number?
False
Let i be 12/(-42) - (-60)/14. Let w be (i/10)/((-4)/(-1900)). Let q = w + 312. Is q a prime number?
False
Let k(i) be the first derivative of i**3/3 + 51*i + 89. Is k(-14) a prime number?
False
Let x = 74 - 72. Suppose -x*g = 0, 5*t - 17 = -g + 8. Suppose -805 = -0*q - t*q. Is q a composite number?
True
Suppose -11*s + 272773 + 807196 = 0. Is s a composite number?
False
Suppose 0 = -q + 6*t + 49151, -16*q + 13*q + t + 147487 = 0. Is q prime?
False
Suppose -4*k - c - 2*c + 32165 = 0, -5*k + 3*c + 40186 = 0. Is k a composite number?
False
Let p = 85778 + -61137. Is p prime?
False
Suppose 4*l = -3*d + 6485, 3*l + 10809 = 4*d + 2204. Is d composite?
True
Let h = 5381 + -3781. Suppose 0 = t - 3, -2*s - 2*t = -h. Suppose -8*n + s = -7*n. Is n prime?
True
Suppose 33*d = 16*d + 136. Let a = 8422 + -4866. Suppose 284 - a = -d*y. Is y prime?
True
Let o = 343949 + -201420. Is o a composite number?
False
Is 26/(-351) - (-2728054)/378 a prime number?
False
Let i be -1*20/(-10)*1/(-2). Let j be (-2)/(-7)*(18 + (-3)/i). Suppose -14*p + j*p + 9832 = 0. Is p a prime number?
True
Let w(n) = -n**2 + 9*n - 6. Let f be w(5). Let r = f - 8. Suppose 4*h - 2*l + r*l = 1504, -5*l - 1152 = -3*h. Is h a prime number?
True
Let f = 51 - 23. Suppose 12 = 3*b - p - f, -2*p = 8. Suppose j + 2*v - 867 = 0, 4*v - 4 = -b. Is j a prime number?
False
Suppose 6*j - 4*c = 5*j - 3, 0 = 2*c - 6. Let l = -11 + 16. Suppose -3*a = x - 70 - j, -l*x + a = -395. Is x composite?
False
Suppose 4*t + 0 = 12. Let n = -578 + 585. Suppose 4*m + 2*l - n*l - 2663 = 0, 5*m + t*l - 3338 = 0. Is m a composite number?
True
Let i(t) be the first derivative of -19*t**2/2 + 136*t + 76. Is i(-23) prime?
False
Suppose -5*n + 198 = n. Let f = n + -34. Is (575/(-75))/(f/15) a composite number?
True
Let a = 163 - 126. Suppose -6995 = -a*i + 32*i. Is i a composite number?
False
Suppose 12 = 2*d + 5*h - 140, h = 2. Suppose -68*j - 13785 = -d*j. Is j a composite number?
True
Let m(f) = -769*f + 26. Is m(-3) a prime number?
True
Suppose -133*c + 5483838 = -71*c. Is c a prime number?
False
Let g(h) = 43*h**2 + 3*h - 2321. Is g(44) prime?
False
Let q(p) = -4061*p - 753. Is q(-22) composite?
False
Suppose -744*h = -750*h + 1566. Let o = -46 + -70. Let w = o + h. Is w a composite number?
True
Is -8 + (-30)/12*-3 + (-1420988)/(-8) prime?
True
Let g(c) = 346*c**3 - 11*c**2 + 20*c + 5. Let h be g(5). Suppose 33*d = 9*d + h. Is d composite?
True
Let w be (0 - (-2)/(-2)) + 1. Suppose w = -5*l + 5*t + 125, -3*t - 69 = -5*l + 46. Suppose -x - l = -5*x, 2*h - 2967 = -x. Is h prime?
True
Suppose 152*r = 156*r - 88. Suppose r = -x + 26. Suppose x*h = -3*h + 10367. Is h a composite number?
False
Is 127 + -118 - (-5)/(10/74284) a prime number?
False
Suppose -3223 = -5*x + 1352. Let w = 2132 - x. Let k = w + -738. Is k a composite number?
False
Let r = -108950 - -636003. Is r composite?
False
Let g be (-4)/26*-27 - (-2)/(-13). Is 2 + 1 + (0 - g) + 2082 a prime number?
True
Let b = 89020 + 24697. Is b prime?
True
Suppose 2*k - 3*v - 188588 = 0, 31*v = -5*k + 33*v + 471459. Is k composite?
False
Let n(z) = z**2 - 13*z + 23. Let c be n(16). Suppose -2*u + 38 = -2*x, -2*x = -5*u - 5*x + c. Suppose 12*y - u*y = -8948. Is y a prime number?
True
Let t(z) = z**3 + 39*z**2 + 67*z + 21. Let v be t(-37). Let n = 517 + v. Is n a prime number?
True
Is 162/(-27)*((-366316)/24 - 0) prime?
False
Let f(l) = -17034*l**3 - 9*l**2 + 20*l + 38. Is f(-5) prime?
True
Suppose 3*c - 3*u = 8244, 3*c = 6*u + 3*u + 8238. Is c a composite number?
False
Let c be (21672/(-49))/((-3)/(-42)). Let j = 10561 + c. Is j prime?
False
Let r = -464103 - -670622. Is r composite?
False
Let w(c) = -c**3 - 7*c**2 - 2*c - 9. Let q be w(-6). Let t = -36 - q. Is -1 - (-3 - t - -1) - -637 a prime number?
False
Suppose 38*j + 77 = 49*j. Suppose -12*x + 79385 = -j*x. Is x composite?
False
Suppose -3*o + 8 = -3*b - 13, 3*o - 23 = 4*b. Is (1/b)/((-47)/545858) composite?
False
Let q(j) = -6*j - 1. Let y be q(-7). Let l = y - 23. Is ((-3)/(l/41804))/((-12)/18) prime?
False
Let i be (3 + (-584)/6)/((-3)/36). Suppose 4*z = i + 1096. Is z composite?
False
Let u(v) = 15*v + 18. Let f(c) = -15*c - 19. Let q(a) = -4*f(a) - 5*u(a). Let p(d) = 14*d + 15. Let j(n) = 5*p(n) + 4*q(n). Is j(7) a composite number?
False
Suppose 0*q = -q - 1121. Let m = -14 - -13. Is 16/(-3 + m) - q prime?
True
Let a = 2912 - 4207. Let q = a - -767. Let h = q + 741. Is h composite?
True
Let t(d) be the first derivative of -169*d**2 + 83*d - 101. Is t(-8) composite?
True
Let t be 33/6 - (-1)/(-2). Let o(c) = -c**2 - 9*c + 114. Let q be o(7). Suppose 0 = -q*m + 2*s + 316, -t*m + 894 - 84 = -s. Is m a prime number?
True
Let r(q) be the first derivative of 171*q**4 - 2*q**3/3 + 4*q**2 - 9*q + 122. Is r(2) composite?
False
Is (((-992517060)/135)/38)/(3 - 87/27) a prime number?
True
Suppose -4*h + 142 = -2*b, 0 = 5*h + 5*b - 150 - 35. Is (-36624)/(-51) + h/(-306) prime?
False
Let j(h) = -17893*h - 338. Is j(-4) composite?
True
Let z be ((-16 - 6/(-3))/2)/(-1). Is (-1)/(z/(-1647)) - (-52)/(-182) a composite number?
True
Let v be (2 + -4)/(0 + (-8)/(-12)). Let j be 0 + v - -4 - -256. Suppose x = j + 545. Is x composite?
True
Let v(o) = 118 - 110 + 1970*o - 7475*o. Is v(-1) a composite number?
True
Is (-1559571)/(-91) - 24/21 a prime number?
True
Suppose -51*q - 28 = -55*q, 4*q = -4*t + 533992. Is t a prime number?
False
Suppose 7839909 = 43*m + 4045057 - 8752505. Is m prime?
False
Let y = -2201 + 862. Let a = y - -2748. Is a composite?
False
Suppose 0 = -p - 4, 291*d - 294*d + 318709 = 5*p. Is d a prime number?
True
Let o be (6 - -4)*(-3)/(12/(-14)). Suppose 41*u - 42 = o*u. Suppose -6*n + 845 = u*n. Is n prime?
False
Suppose 13*q + 156 = 12*q. Let b be q/(-11) - 5/((-220)/(-8)). Let u(o) = 5*o**2 - 2*o + 6. Is u(b) composite?
True
Let s = -269 - -276. Suppose 3*r - 5*l - 16886 = 0, -s*l + 2*l + 22503 = 4*r. Is r composite?
True
Let c = -105233 - -296104. Is c a composite number?
False
Is 5614524/90 + (-24)/40 composite?
False
Suppose -4*m + 5*r = -146597, -5*r + 183280 = -5*m + 10*m. Is m a prime number?
True
Let l = -153 - -161. Suppose -18*q + l*q + 12830 = 0. Is q prime?
True
Let m(x) = -16153*x - 8956. Is m(-19) a prime number?
False
Let m = 71 - 161. Let h be ((-6)/10)/((-6)/m). Let c(d) = -48*d + 15. Is c(h) prime?
False
Suppose 0 = 2*u - 6*q + 2*q - 884, 5*u - 3*q = 2196. Suppose 443*a - u*a = 122205. Is a a composite number?
True
Let z = -83187 + 260296. Is z composite?
False
Let m be 5*(0 - 4/(-10)). Suppose 3*g + 18 = -0*g + m*q, -3*q - 7 = 4*g. Is 2/g*-1*166 a composite number?
False
Let n be (-2)/28*4 + 626072/(-28). Let s = n + 35239. Is s/12 - (-2)/(-8) prime?
False
Suppose -15*t = -17289 - 321. Let i = -7 - -7. Suppose i = 4*b + t - 3738. Is b a prime number?
True
Let u(a) = 150*a**2 + 598*a + 31. Is u(-65) a composite number?
False
Suppose -40*c = -35*c + 4005. Let q = c - -4166. Is q a prime number?
False
Is (-46410999)/(-341) - (-1 + (-7)/(-11)) a composite number?
True
Suppose -10 = -2*p + g, 17 = -6*p + 5*p - 5*g. Suppose -p*u - 166 = -u. Let i = 74 - u. Is i a prime number?
True
Let m = 25795 + -12154. Is m a prime number?
False
Let l be 1/(-6)*(-78 - -12). Let p(w) = 14*w**2 + 4*w + 39. Is p(l) a composite number?
False
Suppose -t - 3*v = -460681, 2*t + 260*v - 265*v = 921351. Is t prime?
False
Suppose 256*a - 16188207 = 235*a. Is a a composite number?
False
Suppose -140 = -30*a + 2*a. Suppose 5*k + 12*u - 14*u = 32301, -k + a*u = -6474. Is k composit